 of 279460?
2, 5, 89, 157
What are the prime factors of 276753?
3, 92251
List the prime factors of 10213953.
3, 3404651
What are the prime factors of 5304169?
13, 241, 1693
List the prime factors of 599266.
2, 97, 3089
What are the prime factors of 203745?
3, 5, 17, 47
What are the prime factors of 4072?
2, 509
What are the prime factors of 47496?
2, 3, 1979
What are the prime factors of 119103?
3, 29, 37
What are the prime factors of 722973?
3, 53, 4547
List the prime factors of 2253563.
13, 23, 7537
What are the prime factors of 5872329?
3, 59, 11059
List the prime factors of 766.
2, 383
List the prime factors of 632647.
632647
List the prime factors of 194788.
2, 11, 19, 233
What are the prime factors of 7469242?
2, 11, 19, 107, 167
What are the prime factors of 1837153?
31, 59263
List the prime factors of 682455.
3, 5, 45497
List the prime factors of 49187.
101, 487
List the prime factors of 1023887.
787, 1301
List the prime factors of 4012384.
2, 125387
What are the prime factors of 353409?
3, 7, 16829
List the prime factors of 138045.
3, 5, 9203
List the prime factors of 249417.
3, 7, 37, 107
What are the prime factors of 1101755?
5, 220351
What are the prime factors of 5396758?
2, 43, 62753
What are the prime factors of 455545?
5, 31, 2939
List the prime factors of 10992231.
3, 59, 127, 163
List the prime factors of 4872.
2, 3, 7, 29
List the prime factors of 6721941.
3, 2240647
List the prime factors of 3527823.
3, 13, 17, 313
What are the prime factors of 128641?
197, 653
What are the prime factors of 21741290?
2, 5, 859, 2531
List the prime factors of 28016.
2, 17, 103
List the prime factors of 3177696.
2, 3, 79, 419
What are the prime factors of 1999415?
5, 11, 36353
What are the prime factors of 10957089?
3, 11, 13, 25541
What are the prime factors of 400268?
2, 11, 827
List the prime factors of 3206819.
7, 11, 41647
What are the prime factors of 558767?
11, 79, 643
List the prime factors of 577778.
2, 31, 9319
List the prime factors of 154151.
139, 1109
List the prime factors of 498351.
3, 7, 19, 1249
List the prime factors of 31230.
2, 3, 5, 347
What are the prime factors of 1763738?
2, 41, 137, 157
List the prime factors of 190973.
353, 541
List the prime factors of 2005990.
2, 5, 7, 28657
What are the prime factors of 208330?
2, 5, 83, 251
List the prime factors of 2009968.
2, 269, 467
List the prime factors of 1257133.
17, 73, 1013
What are the prime factors of 379773?
3, 42197
What are the prime factors of 96254?
2, 17, 19, 149
What are the prime factors of 38822?
2, 7, 47, 59
List the prime factors of 55366.
2, 19, 31, 47
List the prime factors of 15740243.
29, 67, 8101
List the prime factors of 382863.
3, 13, 9817
List the prime factors of 13663146.
2, 3, 7, 61, 5333
List the prime factors of 444418.
2, 13, 17093
List the prime factors of 14026087.
83, 347, 487
What are the prime factors of 1055981?
1055981
List the prime factors of 203217.
3, 7, 9677
What are the prime factors of 6314926?
2, 23, 107, 1283
List the prime factors of 165711.
3, 7, 13, 607
List the prime factors of 7611524.
2, 1902881
What are the prime factors of 9316909?
7, 23, 1181
List the prime factors of 314657.
7, 79, 569
List the prime factors of 3063250.
2, 5, 12253
List the prime factors of 362660.
2, 5, 18133
What are the prime factors of 14899296?
2, 3, 155201
What are the prime factors of 367058?
2, 223, 823
List the prime factors of 291443.
291443
What are the prime factors of 30987182?
2, 1979, 7829
List the prime factors of 2017784.
2, 252223
What are the prime factors of 34610?
2, 5, 3461
List the prime factors of 395910.
2, 3, 5, 53, 83
List the prime factors of 12402383.
7, 19, 93251
List the prime factors of 16633371.
3, 79, 70183
List the prime factors of 115073.
7, 17, 967
What are the prime factors of 182217?
3, 7, 8677
What are the prime factors of 1906504?
2, 238313
List the prime factors of 18548293.
137, 135389
List the prime factors of 166635.
3, 5, 7, 23
What are the prime factors of 2365913?
11, 19553
What are the prime factors of 740526?
2, 3, 83, 1487
What are the prime factors of 2654611?
53, 50087
What are the prime factors of 213834?
2, 3, 157, 227
What are the prime factors of 843044?
2, 210761
What are the prime factors of 1212429?
3, 277, 1459
What are the prime factors of 6359256?
2, 3, 59, 499
What are the prime factors of 163948?
2, 17, 2411
List the prime factors of 12668112.
2, 3, 87973
What are the prime factors of 1706405?
5, 341281
List the prime factors of 331429.
7, 113, 419
What are the prime factors of 11314239?
3, 193, 19541
What are the prime factors of 198479?
198479
List the prime factors of 4481032.
2, 73, 7673
What are the prime factors of 11283589?
2371, 4759
What are the prime factors of 8748056?
2, 19, 67, 859
What are the prime factors of 230416?
2, 14401
What are the prime factors of 3614528?
2, 56477
List the prime factors of 2374774.
2, 1187387
What are the prime factors of 26008478?
2, 53, 131, 1873
What are the prime factors of 445198?
2, 13, 17123
List the prime factors of 3653871.
3, 13, 19, 4931
List the prime factors of 1138453.
29, 37, 1061
List the prime factors of 6271992.
2, 3, 9679
List the prime factors of 207720.
2, 3, 5, 577
What are the prime factors of 2635374?
2, 3, 7, 17, 3691
What are the prime factors of 615661?
615661
List the prime factors of 4007830.
2, 5, 241, 1663
What are the prime factors of 4441792?
2, 69403
What are the prime factors of 2865523?
19, 67, 2251
What are the prime factors of 166608?
2, 3, 13, 89
List the prime factors of 352686.
2, 3, 43, 1367
What are the prime factors of 51301?
29, 61
What are the prime factors of 66913?
7, 11, 79
What are the prime factors of 321024?
2, 3, 11, 19
List the prime factors of 872067.
3, 7, 131, 317
List the prime factors of 824386.
2, 412193
What are the prime factors of 2429769?
3, 379, 2137
What are the prime factors of 51035?
5, 59, 173
What are the prime factors of 2990577?
3, 996859
List the prime factors of 3621126.
2, 3, 603521
List the prime factors of 11554819.
11554819
List the prime factors of 93730.
2, 5, 7, 13, 103
What are the prime factors of 20335947?
3, 19, 43, 8297
List the prime factors of 198761.
198761
What are the prime factors of 23112249?
3, 7704083
List the prime factors of 1585396.
2, 396349
List the prime factors of 421425.
3, 5, 1873
List the prime factors of 79714.
2, 39857
List the prime factors of 907726.
2, 97, 4679
What are the prime factors of 469779?
3, 156593
List the prime factors of 4530062.
2, 1307, 1733
List the prime factors of 936014.
2, 31, 487
List the prime factors of 207750.
2, 3, 5, 277
List the prime factors of 4895449.
13, 376573
List the prime factors of 221522.
2, 7, 15823
List the prime factors of 4055695.
5, 7, 115877
What are the prime factors of 28703839?
23, 157, 7949
List the prime factors of 2409720.
2, 3, 5, 43, 467
List the prime factors of 569536.
2, 11, 809
List the prime factors of 327609.
3, 89, 409
List the prime factors of 559668.
2, 3, 46639
List the prime factors of 16853308.
2, 521, 8087
What are the prime factors of 67540?
2, 5, 11, 307
What are the prime factors of 2569556?
2, 11, 5309
What are the prime factors of 15945?
3, 5, 1063
What are the prime factors of 12714946?
2, 17, 373969
List the prime factors of 528554.
2, 13, 29, 701
List the prime factors of 964426.
2, 482213
List the prime factors of 8973431.
2837, 3163
What are the prime factors of 1229984?
2, 7, 17, 19
List the prime factors of 21536569.
17, 74521
List the prime factors of 449943.
3, 13, 83, 139
List the prime factors of 6528933.
3, 725437
List the prime factors of 6826903.
6826903
List the prime factors of 150840.
2, 3, 5, 419
What are the prime factors of 11184647?
23, 21143
List the prime factors of 2543647.
2543647
List the prime factors of 23734.
2, 11867
What are the prime factors of 5680342?
2, 2840171
What are the prime factors of 2080642?
2, 89, 11689
What are the prime factors of 38999?
59, 661
What are the prime factors of 292063?
79, 3697
List the prime factors of 14134944.
2, 3, 113, 1303
What are the prime factors of 188310?
2, 3, 5, 6277
What are the prime factors of 215957?
7, 30851
List the prime factors of 64525.
5, 29, 89
List the prime factors of 139709.
13970